
False
Is 2403809 a prime number?
True
Is 531410315 composite?
True
Is 133394909 a prime number?
True
Is 227114845 a composite number?
True
Is 12266101 a prime number?
False
Is 576817251 a composite number?
True
Is 593226133 composite?
False
Is 8346143 composite?
True
Is 74317193 composite?
False
Is 1219177 a composite number?
False
Is 31861759 a prime number?
True
Is 502262143 prime?
False
Is 196887263 a prime number?
False
Is 1451039 prime?
True
Is 121660361 a prime number?
False
Is 9502937 composite?
False
Is 84595411 a prime number?
True
Is 2970727 prime?
False
Is 1563739 a prime number?
True
Is 44122147 composite?
True
Is 69536009 a prime number?
True
Is 21420031 a prime number?
True
Is 34800487 a composite number?
True
Is 9950609 prime?
True
Is 14649097 a composite number?
True
Is 118201777 a composite number?
True
Is 4798133 composite?
True
Is 11274379 a prime number?
True
Is 2880499 prime?
True
Is 268834207 prime?
True
Is 59082421 a prime number?
True
Is 7511701 composite?
False
Is 1029919 prime?
False
Is 3485293 a prime number?
False
Is 3434897 composite?
True
Is 348743 composite?
True
Is 372299 composite?
False
Is 97148131 a composite number?
False
Is 42683143 prime?
True
Is 152058481 prime?
True
Is 15848187 prime?
False
Is 70323829 composite?
True
Is 27346355 a prime number?
False
Is 204103 prime?
False
Is 84919307 a prime number?
False
Is 6864383 a prime number?
True
Is 114477029 prime?
True
Is 85855255 a prime number?
False
Is 1050613 composite?
True
Is 50545181 prime?
False
Is 87446771 a prime number?
True
Is 12081143 prime?
True
Is 17078561 a composite number?
True
Is 2529997 a prime number?
True
Is 236083 a composite number?
True
Is 27360077 composite?
False
Is 53251781 composite?
True
Is 24510257 prime?
True
Is 2943379 a composite number?
True
Is 159744751 a prime number?
True
Is 119468533 prime?
True
Is 1042250269 a composite number?
False
Is 174769 prime?
False
Is 3830207 a composite number?
False
Is 21131098 composite?
True
Is 7209523 a prime number?
True
Is 2522713 composite?
False
Is 43919053 a composite number?
True
Is 4713521 a composite number?
True
Is 423448591 a composite number?
False
Is 137080469 prime?
False
Is 60409837 prime?
False
Is 6120007 prime?
True
Is 30118519 a prime number?
True
Is 327105143 composite?
True
Is 152029093 composite?
True
Is 97271821 prime?
True
Is 19289183 composite?
True
Is 4005383 prime?
False
Is 254761 a prime number?
False
Is 167718571 composite?
True
Is 19751111 prime?
False
Is 9137894 a composite number?
True
Is 4573061 prime?
False
Is 23593861 a prime number?
True
Is 13458971 composite?
False
Is 1208561 prime?
True
Is 47423843 prime?
False
Is 4381277 composite?
True
Is 79261991 composite?
False
Is 3415337 a composite number?
False
Is 7252669 prime?
True
Is 46345751 prime?
True
Is 9670837 a composite number?
True
Is 13926305 a prime number?
False
Is 19610743 prime?
False
Is 385214293 a composite number?
True
Is 4103639 composite?
True
Is 31680679 a composite number?
True
Is 357805873 prime?
False
Is 68574371 composite?
False
Is 6139453 composite?
False
Is 20871209 composite?
False
Is 10021663 a composite number?
False
Is 19988231 a composite number?
True
Is 701303 composite?
True
Is 5643633 composite?
True
Is 4430815 a prime number?
False
Is 598841 composite?
False
Is 23450491 a prime number?
True
Is 51359779 composite?
False
Is 435656971 a prime number?
True
Is 21686707 prime?
False
Is 1822463 a prime number?
True
Is 11156309 a composite number?
False
Is 63521 a prime number?
True
Is 3161437 composite?
False
Is 1426331 a composite number?
False
Is 136240061 a prime number?
False
Is 107283353 a composite number?
False
Is 8154163 composite?
False
Is 402104657 composite?
True
Is 177347 composite?
False
Is 2628053 prime?
True
Is 799585451 a composite number?
True
Is 1327481 prime?
True
Is 4502293 composite?
False
Is 82117237 a composite number?
False
Is 5878661 a prime number?
True
Is 73417933 composite?
False
Is 6335573 a prime number?
True
Is 297196483 a composite number?
False
Is 426565037 a prime number?
False
Is 828946961 a prime number?
True
Is 12170687 a composite number?
True
Is 2259601 a composite number?
False
Is 1698311 a composite number?
False
Is 53970703 a prime number?
False
Is 4322963 composite?
False
Is 1274101 a composite number?
True
Is 3205221 a composite number?
True
Is 55489489 composite?
True
Is 4771771 a composite number?
True
Is 109565039 a prime number?
False
Is 45403451 composite?
False
Is 7053743 a composite number?
True
Is 5432923 composite?
False
Is 1262397 prime?
False
Is 806719 composite?
False
Is 11487401 composite?
True
Is 143149693 a composite number?
False
Is 33077463 prime?
False
Is 27631519 prime?
False
Is 64211663 prime?
False
Is 144580313 a prime number?
False
Is 1566079 a composite number?
False
Is 4554401 composite?
False
Is 69165101 a composite number?
False
Is 389371573 a composite number?
False
Is 6083131 prime?
False
Is 209343191 prime?
True
Is 228707 a composite number?
False
Is 767944789 a composite number?
False
Is 3412259 a prime number?
False
Is 13022231 a composite number?
False
Is 190938061 a prime number?
True
Is 97477247 prime?
False
Is 758129 prime?
False
Is 2071891 a prime number?
False
Is 9031371 prime?
False
Is 10538471 a composite number?
False
Is 6485573 a prime number?
False
Is 2724859 a prime number?
True
Is 21447509 composite?
False
Is 11455051 a prime number?
True
Is 59917391 a prime number?
False
Is 15123938 a prime number?
False
Is 131250983 a composite number?
False
Is 1109723 composite?
False
Is 371553869 a composite number?
False
Is 29473391 prime?
False
Is 7565447 a composite number?
False
Is 36777823 a composite number?
False
Is 41026354 a prime number?
False
Is 11014339 composite?
True
Is 6223262 a composite number?
True
Is 2071331 a prime number?
False
Is 70713215 a composite number?
True
Is 4777139 composite?
False
Is 3304583 composite?
True
Is 2401697 prime?
False
Is 431965567 prime?
False
Is 2776217 prime?
True
Is 386833519 prime?
False
Is 87853067 prime?
True
Is 2568967 prime?
False
Is 13606942 composite?
True
Is 25206593 a prime number?
True
Is 71806461 a composite number?
True
Is 5210581 prime?
False
Is 31944203 prime?
False
Is 4620867 composite?
True
Is 15891823 a composite number?
True
Is 46576631 a composite number?
False
Is 414581 a prime number?
False
Is 6860635 a prime number?
False
Is 10651 a prime number?
True
Is 7517753 a prime number?
True
Is 13878053 composite?
True
Is 26573081 prime?
True
Is 73079065 a composite number?
True
Is 759257701 a composite number?
True
Is 6072263 composite?
True
Is 29399197 prime?
False
Is 4949587 a composite number?
True
Is 1615529 composite?
False
Is 297564811 composite?
False
Is 335121673 a prime number?
False
Is 58406837 a prime number?
False
Is 194682409 composite?
True
Is 410855 a composite number?
True
Is 308297 a prime number?
False
Is 42634717 prime?
True
Is 70220261 a prime number?
True
Is 367229 a prime number?
True
Is 56609213 composite?
True
Is 2227813 prime?
False
Is 26093891 a composite number?
True
Is 2510941 composite?
False
Is 2070859 composite?
True
Is 3651341 a prime number?
True
Is 363887 a prime number?
True
Is 64151 composite?
False
Is 4126621 a composite number?
False
Is 11163137 a prime number?
False
Is 117254359 composite?
True
Is 65630429 prime?
True
Is 32740871 composite?
False
Is 2293017 composite?
True
Is 4557341 composite?
True
Is 76052341 a prime number?
True
Is 123507491 a prime number?
False
Is 557142419 composite?
False
Is 52575959 composite?
False
Is 192203783 prime?
True
Is 48183743 a prime number?
False
Is 5693021 composite?
False
Is 1961779 a prime number?
False
Is 8997718 a prime number?
False
Is 6181699 a composite number?
False
Is 21258761 a composite number?
True
Is 99470639 a composite number?
False
Is 74363033 composite?
False
Is 2139733 a composite number?
False
Is 889666499 composite?
True
Is 2906389 a composite number?
True
Is 32070637 a prime number?
True
Is 256539671 prime?
True
Is 39266446 prime?
False
Is 12369259 a prime number?
False
Is 19520807 a prime number?
True
Is 56489243 a composite number?
False
Is 1928561 prime?
True
Is 357646273 composite?
False
Is 47686831 composite?
False
Is 7321687 a prime number?
Tru